{"id":259,"date":"2022-08-28T12:18:21","date_gmt":"2022-08-28T10:18:21","guid":{"rendered":"https:\/\/www.eleworks.de\/home\/"},"modified":"2025-08-08T14:02:33","modified_gmt":"2025-08-08T12:02:33","slug":"home","status":"publish","type":"page","link":"https:\/\/eleworks.de\/","title":{"rendered":"Home"},"content":{"rendered":"\n<div class=\"wp-block-cover alignfull has-parallax wp-duotone-rgb222222-ffffff-1\" style=\"padding-top:0;padding-right:var(--wp--preset--spacing--50);padding-bottom:0;padding-left:var(--wp--preset--spacing--50);min-height:50px;aspect-ratio:unset;\"><div class=\"wp-block-cover__image-background wp-image-754 has-parallax\" style=\"background-position:50% 50%;background-image:url(https:\/\/eleworks.de\/wp-content\/uploads\/2022\/09\/graffiti-528180_1280.jpg)\"><\/div><span aria-hidden=\"true\" class=\"wp-block-cover__background has-background-dim-40 has-background-dim\"><\/span><div class=\"wp-block-cover__inner-container is-layout-flow wp-block-cover-is-layout-flow\">\n<h2 class=\"wp-block-heading has-text-align-center has-text-color has-link-color wp-elements-5b873bd50c6b5af56d217dd0787de5a3\" style=\"color:#ffe200;padding-top:0;padding-right:0;padding-bottom:0;padding-left:0;font-size:59px;font-style:normal;font-weight:700;line-height:1.6;text-transform:uppercase\"><mark style=\"background-color:rgba(0, 0, 0, 0);color:#f1d11b\" class=\"has-inline-color\">Hello!<\/mark><\/h2>\n\n\n\n<p class=\"has-text-align-center has-theme-palette-8-color has-text-color\" style=\"font-size:53px;line-height:1.3\"><mark style=\"background-color:rgba(0, 0, 0, 0);color:#f1d11b\" class=\"has-inline-color\"><strong>Hier gibt\u00b4s <\/strong><\/mark><br><mark style=\"background-color:rgba(0, 0, 0, 0);color:#f1d11b\" class=\"has-inline-color\"><strong>eleworks.de<\/strong><\/mark><\/p>\n\n\n\n<p class=\"has-text-align-center has-text-color\" style=\"color:#ffe074;font-size:26px;font-style:normal;font-weight:500;letter-spacing:0px;line-height:1.6\"><mark style=\"background-color:rgba(0, 0, 0, 0);color:#f1d11b\" class=\"has-inline-color\">Dieses kleine Web-Feuilleton \u201ein betont pers\u00f6nlicher Weise&#8221; berichtet von Kleinigkeiten und Nebens\u00e4chlichkeiten des  Lebens &#8230; <\/mark><br><mark style=\"background-color:rgba(0, 0, 0, 0);color:#f1d11b\" class=\"has-inline-color\">oder von Dingen, die einen so mal in den Kopf kommen.<\/mark><\/p>\n\n\n\n<div class=\"wp-block-columns alignwide are-vertically-aligned-center is-layout-flex wp-container-core-columns-is-layout-9d6595d7 wp-block-columns-is-layout-flex\">\n<div class=\"wp-block-column is-vertically-aligned-center is-layout-flow wp-block-column-is-layout-flow\"><div class=\"wp-block-image is-style-rounded wp-duotone-grayscale\">\n<figure data-wp-context=\"{&quot;imageId&quot;:&quot;69feb286e6a01&quot;}\" data-wp-interactive=\"core\/image\" data-wp-key=\"69feb286e6a01\" class=\"alignright size-large is-resized has-custom-border wp-lightbox-container\" style=\"margin-top:0;margin-right:0;margin-bottom:0;margin-left:0\"><img decoding=\"async\" data-wp-class--hide=\"state.isContentHidden\" data-wp-class--show=\"state.isContentVisible\" data-wp-init=\"callbacks.setButtonStyles\" data-wp-on--click=\"actions.showLightbox\" data-wp-on--load=\"callbacks.setButtonStyles\" data-wp-on-window--resize=\"callbacks.setButtonStyles\" src=\"https:\/\/eleworks.de\/wp-content\/uploads\/2022\/09\/PeleEle_19klein-Kopie-2-e1663541904674.jpg\" alt=\"PeleEle\" style=\"border-width:2px;border-radius:14px;width:263px;height:auto\"\/><button\n\t\t\tclass=\"lightbox-trigger\"\n\t\t\ttype=\"button\"\n\t\t\taria-haspopup=\"dialog\"\n\t\t\taria-label=\"Vergr\u00f6\u00dfern\"\n\t\t\tdata-wp-init=\"callbacks.initTriggerButton\"\n\t\t\tdata-wp-on--click=\"actions.showLightbox\"\n\t\t\tdata-wp-style--right=\"state.imageButtonRight\"\n\t\t\tdata-wp-style--top=\"state.imageButtonTop\"\n\t\t>\n\t\t\t<svg xmlns=\"http:\/\/www.w3.org\/2000\/svg\" width=\"12\" height=\"12\" fill=\"none\" viewBox=\"0 0 12 12\">\n\t\t\t\t<path fill=\"#fff\" d=\"M2 0a2 2 0 0 0-2 2v2h1.5V2a.5.5 0 0 1 .5-.5h2V0H2Zm2 10.5H2a.5.5 0 0 1-.5-.5V8H0v2a2 2 0 0 0 2 2h2v-1.5ZM8 12v-1.5h2a.5.5 0 0 0 .5-.5V8H12v2a2 2 0 0 1-2 2H8Zm2-12a2 2 0 0 1 2 2v2h-1.5V2a.5.5 0 0 0-.5-.5H8V0h2Z\" \/>\n\t\t\t<\/svg>\n\t\t<\/button><\/figure>\n<\/div><\/div>\n\n\n\n<div class=\"wp-block-column is-vertically-aligned-center is-layout-flow wp-block-column-is-layout-flow\" style=\"flex-basis:55%\">\n<p class=\"has-theme-palette-8-color has-text-color has-link-color wp-elements-0cda57ddb21e8474300ec6df77c014b8\" style=\"font-size:20px;font-style:normal;font-weight:500;line-height:1.4\"><em>T<\/em><mark style=\"background-color:rgba(0, 0, 0, 0);color:#f1d11b\" class=\"has-inline-color\"><em>ags\u00fcber arbeite ich als &#8220;Homeoffice-Man&#8221;, <\/em><\/mark><br><mark style=\"background-color:rgba(0, 0, 0, 0);color:#f1d11b\" class=\"has-inline-color\"><em>nachts bin ich ein ausdauernder Schl\u00e4fer und <\/em><\/mark><br><mark style=\"background-color:rgba(0, 0, 0, 0);color:#f1d11b\" class=\"has-inline-color\"><em>dies hier ist meine wildsite. <\/em><\/mark><br><br><mark style=\"background-color:rgba(0, 0, 0, 0);color:#f1d11b\" class=\"has-inline-color\"><em>Ich lebe in (\u00dcberaschung) Hamburg ,<\/em> <\/mark><br><mark style=\"background-color:rgba(0, 0, 0, 0);color:#f1d11b\" class=\"has-inline-color\">ich <em>mag Pi\u00f1a Coladas genauso wenig, <\/em><\/mark><br><mark style=\"background-color:rgba(0, 0, 0, 0);color:#f1d11b\" class=\"has-inline-color\"><em>wie ohne Schirm im Regen zu stehen<\/em>.<\/mark><\/p>\n<\/div>\n<\/div>\n<\/div><\/div>\n\n\n\n<h2 class=\"wp-block-heading has-text-align-center has-theme-palette-6-color has-text-color\" style=\"font-size:94px\"><strong>&#8230; und los!<\/strong><\/h2>\n\n\n\n<div class=\"wp-block-columns is-layout-flex wp-container-core-columns-is-layout-9d6595d7 wp-block-columns-is-layout-flex\">\n<div class=\"wp-block-column is-layout-flow wp-block-column-is-layout-flow\" style=\"flex-basis:100%\">\n<div class=\"wp-block-columns is-layout-flex wp-container-core-columns-is-layout-9d6595d7 wp-block-columns-is-layout-flex\">\n<div class=\"wp-block-column is-layout-flow wp-block-column-is-layout-flow\" style=\"border-style:none;border-width:0px;font-size:26px\">\n<h4 class=\"wp-block-heading has-text-align-center has-theme-palette-1-color has-text-color has-large-font-size\">Butter bei die Fische<\/h4>\n\n\n\n<figure class=\"wp-block-image size-large is-resized\"><img fetchpriority=\"high\" decoding=\"async\" width=\"402\" height=\"422\" src=\"https:\/\/eleworks.de\/wp-content\/uploads\/2022\/09\/Der-letzte-Dorsch-aus-der-Ostsee.jpeg\" alt=\"\" class=\"wp-image-855\" style=\"width:908px;height:auto\" srcset=\"https:\/\/eleworks.de\/wp-content\/uploads\/2022\/09\/Der-letzte-Dorsch-aus-der-Ostsee.jpeg 402w, https:\/\/eleworks.de\/wp-content\/uploads\/2022\/09\/Der-letzte-Dorsch-aus-der-Ostsee-286x300.jpeg 286w\" sizes=\"(max-width: 402px) 100vw, 402px\" \/><\/figure>\n\n\n\n<p class=\"has-text-align-center has-theme-palette-6-color has-text-color\">Urspr\u00fcnglich norddeutsche Redensart. Das kommt daher, dass man in Norddeutschland gesagt hat: Wenn jemand seine Fische mit Butter zubereiten kann, dann muss er reich sein; das konnten sich nur reiche Leute leisten. Man meinte damit aber auch, dass das \u201eetwas Vollst\u00e4ndiges\u201c sei. ANGELN als Hobby: Es macht einfach Spa\u00df und wir haben tolle Orte an Hamburg&#8217;s Gew\u00e4ssern entdeckt, die man sonst nie gefunden h\u00e4tten &#8230;.. tolles Naturerlebnis auch f\u00fcr &#8220;Nichtangler&#8221;!<br><br>Siehe auch: <a href=\"https:\/\/eleworks.de\/?p=21\" target=\"_blank\" rel=\"noreferrer noopener\">Warum macht Angeln Spa\u00df &#8230;<\/a><\/p>\n<\/div>\n\n\n\n<div class=\"wp-block-column is-vertically-aligned-top is-layout-flow wp-block-column-is-layout-flow\" style=\"border-style:none;border-width:0px;padding-top:var(--wp--preset--spacing--20);padding-right:var(--wp--preset--spacing--60);padding-bottom:var(--wp--preset--spacing--20);padding-left:var(--wp--preset--spacing--60);font-size:26px\">\n<h4 class=\"wp-block-heading has-text-align-center has-theme-palette-1-color has-text-color has-large-font-size\">Urlaub<\/h4>\n\n\n\n<figure class=\"wp-block-image size-large\"><img decoding=\"async\" width=\"1024\" height=\"1024\" src=\"https:\/\/eleworks.de\/wp-content\/uploads\/2022\/09\/Antalya-Pause-und-Kaffee-1024x1024.jpg\" alt=\"\" class=\"wp-image-856\" srcset=\"https:\/\/eleworks.de\/wp-content\/uploads\/2022\/09\/Antalya-Pause-und-Kaffee-1024x1024.jpg 1024w, https:\/\/eleworks.de\/wp-content\/uploads\/2022\/09\/Antalya-Pause-und-Kaffee-300x300.jpg 300w, https:\/\/eleworks.de\/wp-content\/uploads\/2022\/09\/Antalya-Pause-und-Kaffee-150x150.jpg 150w, https:\/\/eleworks.de\/wp-content\/uploads\/2022\/09\/Antalya-Pause-und-Kaffee-768x768.jpg 768w, https:\/\/eleworks.de\/wp-content\/uploads\/2022\/09\/Antalya-Pause-und-Kaffee-1536x1536.jpg 1536w, https:\/\/eleworks.de\/wp-content\/uploads\/2022\/09\/Antalya-Pause-und-Kaffee-2048x2048.jpg 2048w\" sizes=\"(max-width: 1024px) 100vw, 1024px\" \/><\/figure>\n\n\n\n<p class=\"has-text-align-center has-theme-palette-6-color has-text-color\">Reisen macht schlau! Sobald du deine Heimat verl\u00e4sst und dich auf den Weg machst neue Orte zu erkunden, du in andere Kulturen eintauchst und neue Leute kennenlernst, bildest du dich weiter! In jeder einzelnen Erfahrung und jeder Begegnung steckt etwas Wertvolles, aus dem du lernst \u2013 es geht dabei nicht nur um Dinge wie Geografie oder die Braucht\u00fcmer anderer V\u00f6lker, sondern insbesondere auch um Verst\u00e4ndnis, Toleranz und Respekt.<br><br>Siehe auch:<a href=\"https:\/\/eleworks.de\/?p=20\" target=\"_blank\" rel=\"noreferrer noopener\"> Pause von Arbeit und dem Alltag<\/a><\/p>\n<\/div>\n\n\n\n<div class=\"wp-block-column is-layout-flow wp-block-column-is-layout-flow\" style=\"border-style:none;border-width:0px;font-size:26px\">\n<h4 class=\"wp-block-heading has-text-align-center has-theme-palette-1-color has-text-color has-large-font-size\">Familie<\/h4>\n\n\n\n<figure class=\"wp-block-image size-large\"><img decoding=\"async\" width=\"1024\" height=\"1024\" src=\"https:\/\/eleworks.de\/wp-content\/uploads\/2022\/09\/Melvin-ein-Jahr-Geb-Quadrat-1024x1024.jpg\" alt=\"MJ\" class=\"wp-image-857\" srcset=\"https:\/\/eleworks.de\/wp-content\/uploads\/2022\/09\/Melvin-ein-Jahr-Geb-Quadrat-1024x1024.jpg 1024w, https:\/\/eleworks.de\/wp-content\/uploads\/2022\/09\/Melvin-ein-Jahr-Geb-Quadrat-300x300.jpg 300w, https:\/\/eleworks.de\/wp-content\/uploads\/2022\/09\/Melvin-ein-Jahr-Geb-Quadrat-150x150.jpg 150w, https:\/\/eleworks.de\/wp-content\/uploads\/2022\/09\/Melvin-ein-Jahr-Geb-Quadrat-768x768.jpg 768w, https:\/\/eleworks.de\/wp-content\/uploads\/2022\/09\/Melvin-ein-Jahr-Geb-Quadrat-1200x1200.jpg 1200w, https:\/\/eleworks.de\/wp-content\/uploads\/2022\/09\/Melvin-ein-Jahr-Geb-Quadrat.jpg 1496w\" sizes=\"(max-width: 1024px) 100vw, 1024px\" \/><\/figure>\n\n\n\n<p class=\"has-text-align-center has-theme-palette-6-color has-text-color\">Es gibt wohl nichts Sch\u00f6neres, Verr\u00fcckteres und oft auch nichts Stressigeres als die eigene Familie. Ob Kleinfamilie oder Riesenverwandtschaft mit unz\u00e4hligen Onkels, Tanten, Cousins und Cousinen: Familie geh\u00f6ret und h\u00e4lt einfach zusammen. Mal mehr, mal weniger, wie es gerade so kommt!<\/p>\n\n\n\n<p class=\"has-text-align-center has-theme-palette-6-color has-text-color\">Siehe auch:<a rel=\"noreferrer noopener\" href=\"https:\/\/eleworks.de\/?p=20\" target=\"_blank\"> <\/a><a href=\"https:\/\/eleworks.de\/?page_id=113\" target=\"_blank\" rel=\"noreferrer noopener\">Ganz privat<\/a><\/p>\n<\/div>\n<\/div>\n<\/div>\n<\/div>\n\n\n\n<figure class=\"wp-block-gallery has-nested-images columns-default is-cropped wp-block-gallery-2 is-layout-flex wp-block-gallery-is-layout-flex\"><\/figure>\n\n\n\n<p><\/p>\n","protected":false},"excerpt":{"rendered":"<p>&#8230; und los! Butter bei die Fische Urspr\u00fcnglich norddeutsche Redensart. Das kommt daher, dass man in Norddeutschland gesagt hat: Wenn jemand seine Fische mit Butter zubereiten kann, dann muss er reich sein; das konnten sich nur reiche Leute leisten. Man meinte damit aber auch, dass das \u201eetwas Vollst\u00e4ndiges\u201c sei. ANGELN als Hobby: Es macht einfach&#8230;<\/p>\n","protected":false},"author":1,"featured_media":2954,"parent":0,"menu_order":0,"comment_status":"closed","ping_status":"closed","template":"","meta":{"rop_custom_images_group":[],"rop_custom_messages_group":[],"rop_publish_now":"initial","rop_publish_now_accounts":[],"rop_publish_now_history":[],"rop_publish_now_status":"pending","_kadence_starter_templates_imported_post":false,"_kad_post_transparent":"disable","_kad_post_title":"","_kad_post_layout":"default","_kad_post_sidebar_id":"","_kad_post_content_style":"boxed","_kad_post_vertical_padding":"","_kad_post_feature":"hide","_kad_post_feature_position":"","_kad_post_header":false,"_kad_post_footer":false,"_kad_post_classname":"","footnotes":""},"class_list":["post-259","page","type-page","status-publish","has-post-thumbnail","hentry"],"_links":{"self":[{"href":"https:\/\/eleworks.de\/index.php?rest_route=\/wp\/v2\/pages\/259","targetHints":{"allow":["GET"]}}],"collection":[{"href":"https:\/\/eleworks.de\/index.php?rest_route=\/wp\/v2\/pages"}],"about":[{"href":"https:\/\/eleworks.de\/index.php?rest_route=\/wp\/v2\/types\/page"}],"author":[{"embeddable":true,"href":"https:\/\/eleworks.de\/index.php?rest_route=\/wp\/v2\/users\/1"}],"replies":[{"embeddable":true,"href":"https:\/\/eleworks.de\/index.php?rest_route=%2Fwp%2Fv2%2Fcomments&post=259"}],"version-history":[{"count":73,"href":"https:\/\/eleworks.de\/index.php?rest_route=\/wp\/v2\/pages\/259\/revisions"}],"predecessor-version":[{"id":2966,"href":"https:\/\/eleworks.de\/index.php?rest_route=\/wp\/v2\/pages\/259\/revisions\/2966"}],"wp:featuredmedia":[{"embeddable":true,"href":"https:\/\/eleworks.de\/index.php?rest_route=\/wp\/v2\/media\/2954"}],"wp:attachment":[{"href":"https:\/\/eleworks.de\/index.php?rest_route=%2Fwp%2Fv2%2Fmedia&parent=259"}],"curies":[{"name":"wp","href":"https:\/\/api.w.org\/{rel}","templated":true}]}}